{"id":13,"date":"2024-07-15T01:15:47","date_gmt":"2024-07-15T01:15:47","guid":{"rendered":"https:\/\/pyrogruppa.no\/index.php\/kontakt\/"},"modified":"2025-11-12T22:56:30","modified_gmt":"2025-11-12T22:56:30","slug":"kontakt","status":"publish","type":"page","link":"https:\/\/pyrogruppa.no\/index.php\/kontakt\/","title":{"rendered":"Kontakt oss"},"content":{"rendered":"\n<div style=\"background-image:url(&apos;https:\/\/pyrogruppa.no\/wp-content\/uploads\/2024\/07\/pexels-akilmazumder-973590-scaled.jpg&apos;);background-size:cover;\" class=\"wp-block-group is-nowrap is-layout-flex wp-container-core-group-is-layout-6c531013 wp-block-group-is-layout-flex has-background\">\n<p class=\"has-base-color has-custom-lysegr-background-color has-text-color has-background has-link-color wp-elements-260ab924d721f3261b72c1dab7d8cac3\">Ta gjerne kontakt for en uforplikende prat, enten p\u00e5 mail: <a href=\"mailto:pyrogruppa@gmail.com\">pyrogruppa@gmail.com<\/a> eller p\u00e5 telefon med n\u00e5v\u00e6rende leder Andrea Myhrvold Heggemsnes Tlf:<a href=\"tel:95090718\">95090718<\/a><\/p>\n\n\n\n<figure class=\"wp-block-image size-full wp-duotone-unset-1\"><img loading=\"lazy\" decoding=\"async\" width=\"400\" height=\"680\" src=\"https:\/\/pyrogruppa.no\/wp-content\/uploads\/2025\/09\/andrea.jpg\" alt=\"\" class=\"wp-image-110\" style=\"object-fit:cover\" srcset=\"https:\/\/pyrogruppa.no\/wp-content\/uploads\/2025\/09\/andrea.jpg 400w, https:\/\/pyrogruppa.no\/wp-content\/uploads\/2025\/09\/andrea-176x300.jpg 176w\" sizes=\"auto, (max-width: 400px) 100vw, 400px\" \/><\/figure>\n<\/div>\n\n\n\n<p><\/p>\n","protected":false},"excerpt":{"rendered":"<p>Ta gjerne kontakt for en uforplikende prat, enten p\u00e5 mail: pyrogruppa@gmail.com eller p\u00e5 telefon med n\u00e5v\u00e6rende leder Andrea Myhrvold Heggemsnes Tlf:95090718<\/p>\n","protected":false},"author":1,"featured_media":0,"parent":0,"menu_order":0,"comment_status":"closed","ping_status":"closed","template":"","meta":{"ub_ctt_via":"","footnotes":""},"class_list":["post-13","page","type-page","status-publish","hentry"],"featured_image_src":null,"_links":{"self":[{"href":"https:\/\/pyrogruppa.no\/index.php\/wp-json\/wp\/v2\/pages\/13","targetHints":{"allow":["GET"]}}],"collection":[{"href":"https:\/\/pyrogruppa.no\/index.php\/wp-json\/wp\/v2\/pages"}],"about":[{"href":"https:\/\/pyrogruppa.no\/index.php\/wp-json\/wp\/v2\/types\/page"}],"author":[{"embeddable":true,"href":"https:\/\/pyrogruppa.no\/index.php\/wp-json\/wp\/v2\/users\/1"}],"replies":[{"embeddable":true,"href":"https:\/\/pyrogruppa.no\/index.php\/wp-json\/wp\/v2\/comments?post=13"}],"version-history":[{"count":12,"href":"https:\/\/pyrogruppa.no\/index.php\/wp-json\/wp\/v2\/pages\/13\/revisions"}],"predecessor-version":[{"id":117,"href":"https:\/\/pyrogruppa.no\/index.php\/wp-json\/wp\/v2\/pages\/13\/revisions\/117"}],"wp:attachment":[{"href":"https:\/\/pyrogruppa.no\/index.php\/wp-json\/wp\/v2\/media?parent=13"}],"curies":[{"name":"wp","href":"https:\/\/api.w.org\/{rel}","templated":true}]}}